 o + 18. Determine r(-9).
9
Let s(h) = -5*h**2 + 4*h - 9. Calculate s(4).
-73
Let q(x) = -5*x**2 - 77*x + 4. Calculate q(-16).
-44
Let y(i) = i**3 - 5*i**2 - 4*i + 3. What is y(4)?
-29
Let d(z) = 2*z**2 + 15*z + 35. What is d(-6)?
17
Let g(p) = p**3 - 18*p**2 - 2. Determine g(18).
-2
Let w(g) = -g**3 + 7*g**2 - 2. Give w(5).
48
Let i(y) = -y**3 + 10*y**2 - 20*y + 33. Give i(8).
1
Let c(r) = r - 2. Determine c(8).
6
Let h(s) = s**3 - 8*s - 16. Determine h(4).
16
Let z(g) = -g + 4. What is z(8)?
-4
Let l(a) = a**3 - 20*a**2 + a - 15. What is l(20)?
5
Let t(x) = x**3 + 12*x**2 - x - 6. Determine t(-12).
6
Let y(v) = -2*v**2 + 14*v - 7. What is y(6)?
5
Let o(d) = d**3 - d**2 + 6. Calculate o(0).
6
Let w(n) = 10*n**2 - 7*n - 9. Calculate w(4).
123
Let g(c) = c**3 - 4*c**2 + 2*c - 10. Calculate g(4).
-2
Let k(l) = l**2 - 6*l - 8. Give k(7).
-1
Let k(j) = 3*j - 3. What is k(1)?
0
Let q(u) = u**2 - 4*u + 5. Calculate q(8).
37
Let o(g) = -g**2 - 37*g - 1. What is o(-37)?
-1
Let y(w) = 11*w**3 - 2*w**2 + 2*w + 2. Calculate y(2).
86
Let h(i) = -i**3 + 18*i**2 - 17*i - 2. Determine h(17).
-2
Let c(w) = 6*w**2 - 26*w + 17. Calculate c(3).
-7
Let c(m) = 3*m + 4. Determine c(10).
34
Let v(d) = -d**3 - 29*d**2 - 46*d + 198. Give v(-27).
-18
Let a(y) = -28*y - 106. Give a(-4).
6
Let q(j) = j + 7. What is q(-12)?
-5
Let v(h) = 14*h + 9. Determine v(5).
79
Let q(j) = 19*j - 147. What is q(8)?
5
Let t(q) = -q**2 - 10*q - 17. Give t(-11).
-28
Let f(q) = -11*q - 236. Give f(-20).
-16
Let g(f) = f**2 + 9*f - 3. Calculate g(-10).
7
Let j(h) = 2*h**2 - 23*h - 22. Calculate j(12).
-10
Let y(u) = -u**3 - 6*u**2 - 4*u - 6. Determine y(-5).
-11
Let r(d) = -88*d - 89. What is r(-1)?
-1
Let i(c) = c**3 - 14*c**2 + c - 6. Give i(14).
8
Let r(b) = b + 41. Determine r(20).
61
Let t(m) = m**2 - 12*m + 12. What is t(14)?
40
Let w(a) = -a**3 - a**2 + a + 65. Calculate w(0).
65
Let q(i) = -i**3 - 6*i**2 - 7*i - 8. Determine q(-2).
-10
Let u(f) = f**2 - 11*f + 7. Determine u(10).
-3
Let r(k) = 2*k**2 + 6*k - 7. What is r(2)?
13
Let r(t) = t**2 - 20*t - 2. Give r(20).
-2
Let g(r) = 7*r + 5. Determine g(-4).
-23
Let q(j) = 20*j - 7. Give q(2).
33
Let g(o) = 2*o**3 - 67*o**2 + 39*o - 193. Calculate g(33).
5
Let h(z) = -2*z**2 + 31*z - 29. Calculate h(14).
13
Let a(v) = 3*v**2 + 16*v - 47. Determine a(-6).
-35
Let n(p) = -p**2 - 9*p + 25. Determine n(-11).
3
Let w(t) = -2*t - 2. Determine w(-7).
12
Let n(v) = v**3 - 22*v**2 + 2*v - 36. Determine n(22).
8
Let r(j) = -j**3 + 22*j**2 - 22*j + 21. Determine r(21).
0
Let c(l) = -l**3 - 12*l**2 - 9*l + 10. Calculate c(-11).
-12
Let c(m) = -m**2 + 11*m + 4. What is c(10)?
14
Let r(j) = -9*j - 158. Calculate r(-18).
4
Let t(p) = 4*p**3 + 3*p**2 + 2*p - 1. Calculate t(-2).
-25
Let j(k) = k**2 - 7*k + 7. Calculate j(6).
1
Let g(m) = 9*m - 67. Calculate g(12).
41
Let k(g) = 10*g + 86. Give k(-9).
-4
Let w(i) = 25*i - 196. Determine w(8).
4
Let d(i) = i**2 + 9*i - 50. Give d(-15).
40
Let w(s) = -3*s - 7. Give w(0).
-7
Let r(z) = -z**2 - 111*z + 452. Calculate r(-115).
-8
Let j(v) = -v**2 + 12*v - 4. Calculate j(12).
-4
Let d(z) = z**3 - 10*z**2 - 4*z + 7. Determine d(10).
-33
Let i(f) = 4*f**2 - f - 5. What is i(0)?
-5
Let k(t) = 14*t + 62. Give k(-4).
6
Let r(p) = p**3 + 48*p**2 - 386*p - 50. What is r(-55)?
5
Let o(y) = 2*y - 32. Calculate o(17).
2
Let k(j) = -j**2 + 5*j + 19. Determine k(8).
-5
Let l(d) = -2*d + 41. Calculate l(20).
1
Let f(g) = 18*g - 11. Calculate f(1).
7
Let i(b) = -11*b + 61. What is i(8)?
-27
Let i(d) = 6*d**2 + 59*d + 31. What is i(-9)?
-14
Let a(w) = -w**3 - 8*w**2 - 16*w - 3. What is a(-2)?
5
Let j(u) = -6*u**3 - 2*u**2 - 10*u. Calculate j(-2).
60
Let h(k) = k**2 - 4*k - 24. Calculate h(7).
-3
Let d(n) = 2*n**2 - 3*n + 3. Calculate d(0).
3
Let i(x) = 9*x + 1. Calculate i(-1).
-8
Let q(t) = t**3 + 7*t**2 + 9*t + 12. Calculate q(-8).
-124
Let j(q) = 2*q + 51. Give j(-22).
7
Let w(h) = -h**3 + 4*h**2 + 6*h + 2. Determine w(-3).
47
Let o(b) = -b**3 - b**2 + 4*b + 2. Determine o(-2).
-2
Let x(n) = -n**2 - 2*n + 12. What is x(-5)?
-3
Let n(r) = -r**2 - 9*r + 8. Calculate n(2).
-14
Let j(d) = -d**3 - 5*d**2 + 29*d + 34. Give j(-8).
-6
Let g(h) = 4*h**3 + h**2 - h. Give g(-2).
-26
Let q(a) = a**3 + 2*a. Determine q(2).
12
Let c(u) = -11*u**2 + 1. Determine c(-1).
-10
Let y(d) = -d**2 - 8*d + 140. Give y(7).
35
Let f(m) = 2*m**2 - 27*m - 15. Determine f(12).
-51
Let p(z) = 4*z**3 - 4*z + 3. What is p(1)?
3
Let s(r) = r**2 + 16*r + 26. Calculate s(-5).
-29
Let v(c) = c**3 - 15*c**2 - 33*c - 11. What is v(17)?
6
Let i(s) = -s**2 - 13*s + 4. What is i(-14)?
-10
Let l(d) = 5*d + 27. Determine l(-6).
-3
Let m(t) = -t**3 - 3*t**2 - t + 4. Give m(-3).
7
Let g(z) = z**3 + z**2 - 5*z + 4. Give g(0).
4
Let r(z) = -4*z - 74. Give r(-18).
-2
Let v(o) = -o**2 + 6*o - 10. Determine v(8).
-26
Let o(i) = -7*i**2 + 4*i + 4. Determine o(-1).
-7
Let d(w) = -47*w**2. Determine d(-1).
-47
Let j(i) = 2*i**3 + 2*i**2 + i + 1. Give j(-1).
0
Let v(k) = k**2 - 8*k + 12. Calculate v(9).
21
Let u(a) = 3*a - 72. Give u(-7).
-93
Let c(p) = -p - 5. Give c(6).
-11
Let n(j) = j**2 - j + 30. Calculate n(0).
30
Let d(z) = 4*z**3 + 3*z**2 + 6*z + 2. Calculate d(-2).
-30
Let v(x) = x**3 + 7*x**2 + 12*x + 8. Give v(-5).
-2
Let m(g) = 2*g**2 + 55*g + 25. Give m(-27).
-2
Let y(z) = z**3 + 5*z**2 - 7*z - 7. Give y(-6).
-1
Let i(l) = -l**3 - 8*l**2 - 7*l - 3. What is i(-5)?
-43
Let a(i) = i**2 - 7*i - 20. What is a(7)?
-20
Let v(m) = m**3 + 3*m**2 - 4*m - 6. What is v(-5)?
-36
Let g(b) = -b**3 - 11*b**2 - 11*b - 17. Give g(-10).
-7
Let u(w) = 38*w**2 - 3*w - 2. Give u(-1).
39
Let l(m) = -44*m + 929. Calculate l(21).
5
Let f(w) = -3*w - 13. Calculate f(-2).
-7
Let c(j) = j**3 + 12*j**2 - 13*j + 17. Give c(-13).
17
Let n(j) = j**2 + 2*j - 3. What is n(-4)?
5
Let u(m) = m**2 - 41*m + 224. Give u(7).
-14
Let l(y) = y**3 + 6*y**2 + 4*y - 4. Determine l(-5).
1
Let o(p) = -p**2 + 2*p + 2. Give o(-6).
-46
Let i(f) = -f + 6. Determine i(1).
5
Let s(o) = -7*o + 2. Give s(1).
-5
Let l(s) = -s**3 - 10*s**2 - 6. Give l(-10).
-6
Let d(f) = -2*f + 2. Calculate d(2).
-2
Let y(q) = -4*q + 1. Calculate y(7).
-27
Let g(j) = 12*j**2 - 4*j - 3. Give g(-2).
53
Let x(h) = 2*h**3 + 38*h**2 - h - 25. Determine x(-19).
-6
Let p(b) = -b**2 + 4*b + 7. What is p(5)?
2
Let h(a) = a**2 + 6*a - 2. Determine h(-6).
-2
Let l(s) = 2*s**2 + 40*s - 25. Calculate l(-20).
-25
Let i(n) = -30*n - 159. Give i(-5).
-9
Let l(x) = 2*x - 19. Calculate l(-19).
-57
Let y(u) = 3*u**2 + 12*u - 8. Give y(-5).
7
Let c(a) = -a**3 + 2*a**2 - a + 12. Calculate c(4).
-24
Let n(c) = -c**2 - 6*c - 6. What is n(-4)?
2
Let z(h) = -h**3 - h**2 + 2*h + 1. Give z(1).
1
Let h(a) = a**3 - 6*a**2 + a - 1. What is h(4)?
-29
Let s(h) = -13*h**2 - 6*h - 7. What is s(-2)?
-47
Let i(o) = -2*o + 14. Determine i(10).
-6
Let l(f) = f**3 + 5*f**2 - f + 5. Determine l(-5).
10
Let u(q) = -9*q + 43. Determine u(5).
-2
Let x(g) = g - 5. What is x(5)?
0
Let o(a) = -a**3 + 5*a**2 - 4*a + 17. Determine o(5).
-3
Let l(i) = 13*i + 29. Calculate l(-3).
-10
Let u(m) = -2*m - 14. Calculate u(-10).
6
Let p(t) = 2*t**3 + t**2 - 2*t + 3. Calculate p(2).
19
Let o(y) = 2*y**2 - 44*y + 3. Give o(22).
3
Let y(x) = x**2 + 3*x - 209. Calculate y(13).
-1
Let f(i) = -40*i + 7. Calculate f(1).
-33
Let o(x) = 6*x - 31. Give o(6).
5
Let o(l) = -l**3 + 27*l**2 - 3*l + 86. What is o(27)?
5
Let j(b) = 3*b**3 - 2. Give j(3).
79
Let l(s) = -2*s + 11. What is l(8)?
-5
Let n(q) = q**3 - 5*q**2 - 6*q - 7. Determine n(5).
-37
Let f(g) = g**2 - 6*g - 3. Calculate f(7).
4
Let l(j) = -57*j**3 + 2*j**2 + 6*j - 7. What is l(1)?
-56
Let n(p) = p**3 - 11*p**2 + 2*p - 9. What is n(11)?
13
Let h(y) = -14*y**2 + 2*y + 3. Give h(-1).
-13
Let z(o) = 19*o - 184. What is z(10)?
6
Let j(t) = -3*t + 13. Calculate j(9).
-14
Let t(z) = -z - 16. Determine t(-5).
-11
Let b(v) = -v + 7. What is b(-29)?
36
Let f(a) = 3*a - 16. Give f(6).
2
Let a(j) = -j**3 - 21*j**2 - 22*j - 35. Give a(-20).
5
Let o(m) = 3*m**2 - 17*m + 19. What is o(4)?
-1
Let d(p) = 7*p - 1. Give d(7).
48
Let v(k) = -34*k - 187. Determine v(-7).
51
Let i(v) = -2*v + 27. Calculate i(7).
13
Let z(v) = -v**3 - 8*v**2 - 4*v + 17. Calculate z(-7).
-4
Let i(h) = -h**2 + 25*h - 25. Give i(21).
59
Let w(d) = -d**2 - 9*d - 13. What is